hat is 14 - 54?
-40
In base 11, what is 3 + 14?
17
In base 4, what is -1130 - -20?
-1110
In base 2, what is 100111010 + -1?
100111001
In base 11, what is 182 + -5a?
123
In base 3, what is 10 - -11222?
12002
In base 13, what is -18 - -7?
-11
In base 2, what is -11110101 + -101?
-11111010
In base 15, what is 2 + 1?
3
In base 6, what is 0 - -13322?
13322
In base 12, what is -49 - -3?
-46
In base 14, what is 5b + 5?
62
In base 10, what is 37 + 13?
50
In base 10, what is 12 + -6?
6
In base 9, what is -4 + 1408?
1404
In base 12, what is -13 - -40?
29
In base 2, what is -111000 - -101?
-110011
In base 16, what is -9b - 3?
-9e
In base 14, what is -b - 1c?
-29
In base 5, what is -4410 + -1?
-4411
In base 8, what is -1140 + -2?
-1142
In base 4, what is -10 + -22?
-32
In base 4, what is 103 + -102?
1
In base 6, what is 32 - 1212?
-1140
In base 3, what is -10 - -10221200?
10221120
In base 10, what is 2 + -32?
-30
In base 3, what is -10 + -2100?
-2110
In base 7, what is -3 - -223?
220
In base 8, what is -1742 + 1?
-1741
In base 11, what is 909 - 5?
904
In base 11, what is 1075 + 1?
1076
In base 4, what is -1 - -10?
3
In base 5, what is 133 - -2?
140
In base 15, what is 166 - d?
158
In base 14, what is 553 + 4?
557
In base 2, what is 111011 - 1?
111010
In base 10, what is -10 - -4?
-6
In base 7, what is -3115 + 0?
-3115
In base 11, what is 50 - -91?
131
In base 13, what is -7 - 8?
-12
In base 9, what is 0 - 171?
-171
In base 12, what is -11 - 1127?
-1138
In base 10, what is -11 + 12?
1
In base 7, what is -113 + 20?
-63
In base 7, what is -242 - 332?
-604
In base 4, what is 2030 + 23?
2113
In base 12, what is 3 + 14b7?
14ba
In base 2, what is 1001011 + -1001?
1000010
In base 8, what is -222 + 2?
-220
In base 5, what is 410 - 0?
410
In base 3, what is -2220 + -1?
-2221
In base 6, what is -42132 + -4?
-42140
In base 3, what is -121 - 1201?
-2022
In base 6, what is 1 + 32420?
32421
In base 9, what is -11 + 1757?
1746
In base 6, what is -11015 - -1?
-11014
In base 8, what is -24 - -140?
114
In base 2, what is 0 + 101101?
101101
In base 5, what is 1 + 220?
221
In base 12, what is a + 158?
166
In base 16, what is 26 + 5?
2b
In base 9, what is -406 + 5?
-401
In base 12, what is 39 - 2?
37
In base 4, what is 1 - -323?
330
In base 5, what is 43031 - 4?
43022
In base 14, what is -2 - 20c?
-210
In base 3, what is -2220 - -20?
-2200
In base 14, what is -2 + -8d?
-91
In base 13, what is -4 + 21?
1a
In base 10, what is 4 - -331?
335
In base 10, what is 518 - 7?
511
In base 14, what is -21 + 3?
-1c
In base 16, what is -6 + -48?
-4e
In base 2, what is -10001 - 1001?
-11010
In base 4, what is -12 - -12?
0
In base 9, what is 5 + 138?
144
In base 12, what is 11b2 + -2?
11b0
In base 13, what is 29 - 2b?
-2
In base 7, what is 0 + 2?
2
In base 15, what is -1b + 23?
7
In base 15, what is 4d4 + 6?
4da
In base 5, what is 24042 - 12?
24030
In base 4, what is 30102 + 11?
30113
In base 16, what is -52 - 69?
-bb
In base 15, what is 10 + 31?
41
In base 14, what is 8 + c0?
c8
In base 7, what is -2 - -360?
355
In base 16, what is -2 + -55?
-57
In base 5, what is 2 - -11143?
11200
In base 4, what is 300 + 203?
1103
In base 5, what is -2 - -344?
342
In base 11, what is 559 - -2?
560
In base 4, what is 113 - 13011?
-12232
In base 10, what is 1062 + 1?
1063
In base 10, what is -27 - 1?
-28
In base 8, what is -517 + 2?
-515
In base 13, what is 16 + -264?
-24b
In base 7, what is 1116 + 4?
1123
In base 8, what is 1326 - 0?
1326
In base 12, what is -5 + 99?
94
In base 4, what is -11 + 332013?
332002
In base 14, what is 2 - 80?
-7c
In base 9, what is 22 - -33?
55
In base 3, what is -102 - 211?
-1020
In base 9, what is 16 + -21?
-4
In base 16, what is 3 + 131?
134
In base 11, what is 1 - 245?
-244
In base 16, what is 174f - -2?
1751
In base 8, what is 0 - -3?
3
In base 15, what is 2 + 18?
1a
In base 15, what is -21 + -8?
-29
In base 12, what is 613 + 5?
618
In base 4, what is 300 + 10?
310
In base 12, what is -5 + 11?
8
In base 15, what is -4 + -8eb?
-900
In base 4, what is -3032 + -3?
-3101
In base 3, what is -1001 + -100?
-1101
In base 2, what is -11001010 + -111000?
-100000010
In base 9, what is -2171 - -4?
-2166
In base 7, what is -4 + -31243?
-31250
In base 3, what is -210 - 12202?
-20112
In base 13, what is 1 - 17?
-16
In base 15, what is 0 + 15d6?
15d6
In base 15, what is 2 + -5d?
-5b
In base 11, what is -2 - -105?
103
In base 12, what is 286 - 12?
274
In base 13, what is -6 + -22c?
-235
In base 11, what is 127 - 12?
115
In base 10, what is -3 - 0?
-3
In base 8, what is 356 + -4?
352
In base 7, what is 15 - -511?
526
In base 16, what is -1 - 8?
-9
In base 4, what is 12 - -11333?
12011
In base 2, what is -10011 - 10000110?
-10011001
In base 14, what is 3 - 98?
-95
In base 13, what is 28 - -15?
40
In base 7, what is -1 + -2321?
-2322
In base 4, what is 11 - -200?
211
In base 7, what is -2 - 11?
-13
In base 15, what is -10d + 3d?
-c0
In base 12, what is -24 + -7?
-2b
In base 13, what is 2 - 52?
-50
In base 14, what is 5 - 7a?
-75
In base 3, what is -1 - 2120?
-2121
In base 7, what is -3 + 6616?
6613
In base 8, what is 157 - -14?
173
In base 7, what is 2 + -14?
-12
In base 2, what is -100011001 + 101?
-100010100
In base 4, what is 11 - -1032?
1103
In base 11, what is 7 - -149?
155
In base 8, what is -26 - -226?
200
In base 15, what is -1 - -5e?
5d
In base 9, what is -2 - 1?
-3
In base 12, what is b - 28?
-19
In base 3, what is 200002212 - 12?
200002200
In base 15, what is -2 + c15?
c13
In base 12, what is -19 - 7?
-24
In base 13, what is -ba - 2?
-bc
In base 15, what is -56 - 2?
-58
In base 10, what is -1500 + -4?
-1504
In base 11, what is -4a + 360?
311
In base 13, what is -170 + 6?
-167
In base 12, what is 17 + b?
26
In base 14, what is -49 + -2?
-4b
In base 13, what is 29 - 133?
-107
In base 11, what is -244 + -4?
-248
In base 6, what is 3543 + 11?
3554
In base 13, what is -5 - 9b5?
-9ba
In base 16, what is -b + -2de?
-2e9
In base 9, what is -18 + 14?
-4
In base 5, what is -2131 + -4?
-2140
In base 15, what is 87 - 3?
84
In base 7, what is -4 + 2366?
2362
In base 9, what is 1 + 7?
8
In base 6, what is 2021 + 2?
2023
In base 15, what is -169 - 2?
-16b
In base 10, what is -4 + -24?
-28
In base 12, what is 76 + -a?
68
In base 7, what is -55 + 122?
34
In base 7, what is -3520 + -5?
-3525
In base 5, what is 11444 + -1?
11443
In base 2, what is 10011 + 11101010?
11111101
In base 7, what is 3003 - -1?
3004
In base 15, what is 2 - 3c7?
-3c5
In base 15, what is 468 + a?
473
In base 8, what is 6347 - 3?
6344
In base 10, what is 0 + 36?
36
In base 13, what is -34a2 + -2?
-34a4
In base 11, what is -56 + -3?
-59
In base 8, what is -4 - 64?
-70
In base 6, what is 325 + -5?
320
In base 8, what is -1040 + 3?
-1035
In base 7, what is -2162 - -1?
-2161
In base 16, what is 2e + 25?
53
In base 15, what is b + 5?
11
In base 14, what is -133 + -4?
-137
In base 7, what is -22 - 23?
-45
In base 10, what is -1 - -119?
118
In base 6, what is 2250 - 2?
2244
In base 11, what is -2 - -1489?
1487
In base 2, what is -101 - 1010111?
-1011100
In base 2, what is -1010000 - 10111010?
-100001010
In base 10, what is -82 + -5?
-87
In base 14, what is 5 - -100?
105
In base 7, what is -12 + 532?
520
In base 11, what is -20284 + 2?
-20282
In base 16, what is 3c + 7?
43
In base 15, what is -20 + e?
-11
In base 4, what is 230 - 10?
220
In base 3, what is -20202202 + 2?
-20202200
In base 2, what is -10 - 10011011?
-10011101
In base 3, what is -210 - 1211?
-2121
In base 6, what is -1120 + 50?
-1030
In base 6, what is 0 + -302?
-302
In base 12, what is -3 + -91?
-94
In base 11, what is -2920 - -5?
-2916
In base 15, what is 87a + -3?
877
In base 7, what is -14 - 11?
-25
In base 12, what is a9 - -10?
b9
In base 4, what is -20 - -221?
201
In base 5, what is 21 + -440?
-414
In base 2, what is -10 - 1000101?
-1000111
In base 4, what is 10 + 10012?
10022
In base 16, what is -573 + 4?
-56f
In base 14, what is 191 + -10?
181
In base 8, what is 13 - 370?
-355
In base 15, what is -c + 2?
-a
In base 15, what is -4c3 - 9?
-4cc
In base 2, what is 101 - 10001010101?
-10001010000
In base 5, what is -11422 + 12?
-11410
In base 3, what is -1 - 120?
-121
In base 3, what is -110010 - 11?
-110021
In base 7, what is -5 + -25?
-33
In base 9, what is 571 +